 - 1970. What is the units digit of n?
3
Suppose 5*h - 21 = 4, 2*h + 83 = -3*w. Let b = -43 - w. What is the units digit of (21 - b/3) + -3?
2
Suppose -14*o - 845 = -19913. What is the thousands digit of o?
1
Let h(r) = r**3 - 20*r**2 + 36*r + 4. Let u be h(18). Suppose u = b + 3*d - 25, 5*b - d = 81. What is the tens digit of b?
1
Suppose k - 5*i - 84 = 334, -2006 = -5*k - 3*i. What is the tens digit of k?
0
Suppose 0 = -3*i - 0*i - 5*q - 10, 2*i + 4*q + 10 = 0. Suppose 0 = -2*l + 2, -4*w = -0*l + i*l - 33. Suppose 3 + w = g. What is the tens digit of g?
1
Suppose -b - 5*u = -8, -b + 5 = u + 1. Suppose -4*q + 12 = -t + 1, -2*t = -b*q + 7. What is the units digit of t?
1
Let g(d) = -d**3 + 31*d**2 - 129*d - 12. What is the hundreds digit of g(21)?
6
What is the tens digit of (-75)/(((-1)/(-3))/((-35)/105))?
7
Suppose 5*n = 5*a - 3900, 2312 = 9*a - 6*a + 4*n. Suppose -i + 20 = -6*i, 0 = -4*v - 4*i + a. What is the tens digit of v?
9
Suppose -5 - 4 = -3*j, -3*n = -4*j + 3. Suppose 0*x + 3*x + 5*m - 5 = 0, -n*m = -4*x + 55. Suppose 15*g - 65 = x*g. What is the units digit of g?
3
Let b = 2 - -1. Suppose j - b*v - v - 13 = 0, -5*v - 10 = 0. Suppose 0*n = 2*z - j*n - 63, -5*n = -z + 44. What is the tens digit of z?
1
Let y(p) = 7*p - 4. Let j be y(-9). Let d(q) = 2*q**2 + 2*q - 9. Let c be d(8). Let i = c + j. What is the tens digit of i?
6
Let z = 65 + -61. Suppose -4*j + z = 0, 0*u = 4*u + j - 521. What is the tens digit of u?
3
Suppose -3*c + 11*c + 3256 = 0. Let b = -268 - c. What is the hundreds digit of b?
1
Let f = 2322 + 753. What is the units digit of f?
5
Let o(d) be the first derivative of -d**4/4 + 5*d**3 + 11*d**2/2 - 11*d + 12. Let t be o(16). Let j = -13 - t. What is the tens digit of j?
7
Let b(r) = 4*r + 59. Let j be b(-15). What is the units digit of (337/j)/(4/(-4))?
7
Suppose 5*m = 6*p - 8*p + 5043, -2*m - 2*p + 2022 = 0. Suppose -9*x + m = -82. What is the hundreds digit of x?
1
Let i(v) = 45*v. What is the hundreds digit of i(9)?
4
Suppose 448 = 2*u - 9*u. What is the tens digit of u/288 - (-1156)/18?
6
Let i be (-3)/12 - (-42)/8. Let y(g) = -1 + g**2 + 2 - 7 + 2*g. What is the units digit of y(i)?
9
Let u(v) = 3*v**3 - 8*v**2 + 11*v - 7. Let s be u(5). Let d = -127 + s. What is the tens digit of d?
9
Let b(v) = -530*v + 39. What is the tens digit of b(-1)?
6
Suppose -2*n - 16 = -2*o, 0 = 7*o - 2*o - 2*n - 31. Suppose -3*u + 8*x = 13*x - 341, 0 = x + o. What is the units digit of u?
2
Let m(q) = -100*q + 70. Let o(h) = -h + 1. Let x(p) = m(p) - 60*o(p). What is the tens digit of x(-2)?
9
Suppose 0 = 5*l - 38 - 347. Suppose -9*h + 94 = -l. What is the tens digit of h?
1
Let u = -196 + 1243. What is the units digit of u?
7
Suppose -2*p = n - 15, 2*n + 2 = 12. Suppose 5*t = -p*c + 15, -4*t - 4*c - c = -11. Suppose 0*j = t*k - 3*j - 149, -2*k - j = -87. What is the tens digit of k?
4
Suppose -68*t = -25*t - 15867. What is the hundreds digit of t?
3
Suppose -2*f - 2*h - 8 = -5*h, h = 5*f - 6. Suppose -4*g + 2 = -f*u, -5*g + 4*u - 10 = -u. Suppose g*n = 6*n - 36. What is the tens digit of n?
1
Let w(c) = -4*c**3 - 4*c**2 - 9. Let q(z) = -z**3 - z**2 - 3. Let f(r) = 7*q(r) - 2*w(r). What is the tens digit of f(4)?
7
Let w(p) = -p**3 - 22*p**2 + 132*p - 42. What is the units digit of w(-29)?
7
Let m(x) = -x**2 + 9*x - 11. Suppose 4*q = 7 + 9. What is the units digit of m(q)?
9
Suppose -m + 10 = -2*m. Let y = m - -13. Suppose -g + 0*g = -1, 3*o - y*g = 81. What is the tens digit of o?
2
Let s(u) = 3*u**2 + 10*u + 62. What is the hundreds digit of s(-25)?
6
Let a(n) = 7*n + 8. Let h(x) = x + 1. Let p(t) = a(t) - 6*h(t). Suppose 0 = 5*s - 15 + 5. What is the units digit of p(s)?
4
Let n = 325 + -184. Let b = n - 55. What is the tens digit of b?
8
Suppose -537*z - 10212 = -543*z. What is the thousands digit of z?
1
Let y(d) = d**2 - 7*d + 3. Suppose -19 - 41 = 3*t + 5*v, -t + v = 12. Let q be (-102)/t - (-3)/15. What is the units digit of y(q)?
3
Suppose 0 = -4*i - 0*i + q + 14, -13 = -3*i + 2*q. Suppose 0 = -2*p + i*p - 108. What is the hundreds digit of p?
1
Let u(l) = 9*l**2 + 291*l - 30. What is the tens digit of u(-37)?
2
Let z = 5 + -9. Let t = 447 - 438. What is the units digit of 53 + z + t + -1?
7
Let a = -148 - -498. What is the hundreds digit of a?
3
Let m = 27 + -25. Suppose 57 = -m*u + 153. What is the units digit of u?
8
Suppose -3*r = -7*k + 3*k + 233, -2*k + 134 = 2*r. Let q be ((-8)/(-4) - 1) + 16. Suppose k = 5*z + q. What is the units digit of z?
9
Suppose 2*l + 4*s + 2123 = 5*l, -3*l - 3*s + 2130 = 0. What is the units digit of l?
9
Suppose -7*s + 5*s = -82. Let h = 182 - s. What is the hundreds digit of h?
1
Suppose 2271 = 4*d - i, -2*d + 2296 = 2*d + 4*i. What is the hundreds digit of d?
5
Let d be 47/9 - 10/45. Let p be -2 - -104 - (0 - -2). Suppose -p - 30 = -d*l. What is the units digit of l?
6
Suppose -3*x + 2*w = w - 2903, -x - w + 973 = 0. What is the hundreds digit of x?
9
Let b(q) = 3*q**3 - q - 3. Let f be b(-2). Let j = f + 44. What is the units digit of j?
9
Let h = 8 - 2. Suppose u - w - w = 11, -h = 4*u + 2*w. What is the units digit of (-57)/(-15) - u/(-5)?
4
Suppose 657*o = 683*o - 44356. What is the units digit of o?
6
Suppose -34*o + 1218 = -32*o. Suppose 5*v - o = -64. What is the tens digit of v?
0
Let l = -144 + 312. What is the tens digit of l/10*(-20)/(-6)?
5
Let o(z) = -z**3 + 0*z**3 - 6*z**2 + 4 + 5*z + 2*z**2. Let j be o(-5). Suppose -42 - 34 = -j*k. What is the units digit of k?
9
Suppose -c + 79 + 16 = 0. Let s = 172 - c. What is the units digit of s?
7
What is the tens digit of (3844/(-10))/(3*1/(-15))?
2
Let r(p) = -2*p + 7. Let n be 1 + (-3 - -7)*-1. Let h(f) = 2*f - 6. Let t(w) = n*r(w) - 4*h(w). What is the units digit of t(-6)?
5
Let f(h) be the first derivative of h**3/3 + 2*h - 1. Let p be f(4). Suppose 4*t + p = 7*t. What is the units digit of t?
6
Let u = -35 + 49. Let o be ((-7)/u)/((-1)/8). Suppose o*r - 33 = 3*r + 5*l, -4*r = 2*l - 66. What is the units digit of r?
8
Suppose -53*n + x + 2451 = -55*n, -n = 3*x + 1233. Suppose -4*u - s = 10, -6*s + 20 = -4*u - 2*s. What is the units digit of 2/u + n/(-54)?
2
Suppose -2*j = 2*y + 3*j - 25, -2*j + 10 = -y. Let n be (-3 - -2)*y/(-1). Suppose 3*z - 48 = 4*u, -2*z + n*z + 4*u = -32. What is the tens digit of z?
1
Let r = 376 + 245. Suppose -2*g - 1007 = -5*h - 0*g, -3*g + r = 3*h. What is the units digit of h?
3
Let i(d) = d**2 + 7*d + 16. Let p be i(-5). Suppose -5*w + 704 = p*w. What is the tens digit of w?
6
Let u(i) = -82*i - 210. What is the tens digit of u(-15)?
2
Let y(i) = i**3 - 13*i**2 + 5. Let g be y(13). Suppose -162 = -2*s + g*n, n = 5*s + 3*n - 463. What is the units digit of s?
1
Let r be 0 + (4/(-12)*-3 - 32). Let d = 6 - -47. Let i = r + d. What is the units digit of i?
2
Let i = 341 - -261. What is the hundreds digit of i?
6
Suppose -4*p = 2*p + 24. What is the units digit of (117 - -1)*(-2)/p?
9
Let r be (4/(-12))/((-3)/99). Suppose 2 = -u + r. Suppose -3*y - u = 0, -5*q + 116 = y + 2*y. What is the units digit of q?
5
Let m(r) = 14*r + 5. Let p be m(-2). What is the tens digit of (p - 1)/((-4)/10)?
6
Let v = 12 - 7. Let m = v - 1. What is the units digit of 11 - (m - (1 - 0))?
8
Let g(b) = -16*b + 25. What is the tens digit of g(-8)?
5
What is the thousands digit of (-6)/(-1)*-4*12290/(-120)?
2
What is the thousands digit of (-10702)/(-7) - 20/(-140)?
1
What is the units digit of -6 - (3*-32 + 1)?
9
Let f be (-1 - 9/(-12))/((-1)/20). Suppose f*y = -4*l + 7*y + 320, -4*y + 89 = l. What is the units digit of l?
1
Suppose -3*x - 11238 = -5*b, 0 = -5*b - 3*x + x + 11258. What is the thousands digit of b?
2
Suppose -3*o + 6*z + 5549 = 5*z, -o + 5*z + 1831 = 0. What is the hundreds digit of o?
8
Suppose 0 = 10*w - 9*w - 1. Let c(g) = 51*g - 1. Let d be c(w). Suppose -6*x + 2*x + 20 = 0, -4*x = -2*r + d. What is the tens digit of r?
3
Suppose 19*k - 10229 = 17*k + 5*l, 0 = 3*k + 3*l - 15291. What is the hundreds digit of k?
1
Suppose -4*h + 28 = -0. Let m = h + -22. Let p = m + 25. What is the tens digit of p?
1
Let z = 53 + -50. What is the hundreds digit of ((-34)/z)/((-18)/189)?
1
Let k = -302 - -548. What is the tens digit of k?
4
Let j = 1198 + -473. Suppose -143 = -4*g + 837. Suppose 8*h - j = -g. What is the t